(w) = 89*w + 9136. What is the hundreds digit of k(-89)?
2
Let j(y) = 3*y - 17. Let x be j(7). Suppose x*q + 0*q - 276 = 0. Let b = q - 35. What is the units digit of b?
4
Let p = 89 - 79. Suppose -3709 = -p*f - 149. What is the hundreds digit of f?
3
Suppose -2*m - 2*b + 48230 = 0, 4*m + 47*b - 96462 = 42*b. What is the ten thousands digit of m?
2
Suppose z - 276 - 16 = 0. Suppose 544 = 2*g - z. What is the tens digit of g?
1
Let w(b) = b**3 + 9*b**2 + 6*b. Let v be w(-8). Let g(p) = -2 + 4 - 11 - p**2 - 4 + v*p. What is the tens digit of g(11)?
4
Suppose 3*m + 204*p - 205*p = 2958, 3*m = -4*p + 2958. What is the tens digit of m?
8
Let b = -44 + 168. Let p be 964/(-36) - 17/((-1071)/(-14)). Let f = b + p. What is the units digit of f?
7
Let f = 8812 - -4862. What is the ten thousands digit of f?
1
Suppose -13*w + 102816 + 66717 = 0. What is the thousands digit of w?
3
Suppose -902 = -2*i - n, 2*n = 3*i + 734 - 2087. Let g = -12 + i. What is the tens digit of g?
3
Suppose 0 = -4*z - 422 + 1334. Let j = z - 159. Let t = -35 + j. What is the tens digit of t?
3
Let a be 8/(-28) - (-26)/(-7). Let b = -55 + 35. What is the units digit of (b/25)/(a/1090)?
8
Suppose 0 = 11*o - 357599 + 25586. What is the hundreds digit of o?
1
Suppose 0 = -0*c + 2*c + 3*p - 14, 0 = -c - 4*p + 17. Let u be c - (16/(-24) - 218/6). Suppose -2*m = 6, 2*b - b - u = 3*m. What is the units digit of b?
9
Let m be -6 + (-1 - 1 - 0)/2. Let a = m + 0. Let k(x) = -16*x - 10. What is the tens digit of k(a)?
0
Let c = 135 - 144. Let y(a) = -6*a - 35. Let m(r) = -12*r - 71. Let k(h) = -4*m(h) + 9*y(h). What is the tens digit of k(c)?
2
What is the units digit of (10/45*3)/(11/((-84447)/(-6)))?
3
Let p(d) = d**3 + 58*d**2 + 58*d + 1055. What is the ten thousands digit of p(-30)?
2
Suppose -306*p + 8010716 = 16*p. What is the hundreds digit of p?
8
Suppose -3*u = -3*z + 2442, 57*u - 61*u = 4*z - 3208. What is the units digit of z?
8
Suppose 3020*o - 3032*o + 42252 = 0. What is the hundreds digit of o?
5
Suppose 0 = -4*g + 2*r + 22236, -14*g = -13*g + 5*r - 5581. What is the thousands digit of g?
5
Let q(k) = -87*k**3 - 4*k**2 - 5*k - 5. Let l be q(-2). Suppose 14*h = 9*h - l. Let d = h + 199. What is the tens digit of d?
6
What is the hundreds digit of (-18)/8 - 2999292/(-368)?
1
Let n(c) = 598*c + 2149. What is the hundreds digit of n(12)?
3
Let f = 413 - 447. Let k(g) = g**2 + 30*g + 44. What is the hundreds digit of k(f)?
1
Let s be (-120)/(-220) - 120/(-22). Suppose -13*v + 14826 = -s*v. What is the tens digit of v?
1
Let a(d) = 8*d - 4. Let s(m) = m**3 + 15*m**2 + 4*m. Let k(r) = 14*r**2 + 3*r + 1. Let c(g) = 3*k(g) - 2*s(g). Let n be c(6). What is the units digit of a(n)?
8
Let l(y) be the second derivative of 5*y**3 + 2*y**2 + 2*y. Let h = 1256 + -1254. What is the units digit of l(h)?
4
Suppose -f - 5*p = -12639, -f + 12603 = -11*p + 7*p. What is the units digit of f?
9
Suppose 37*g + 22*g + 59 = 0. What is the units digit of (1 - 3)*(-3188)/(-8)*g?
7
Let l = 6616 + 20930. What is the tens digit of l?
4
Suppose -5*q - k = -34003, -2*q - 5*k + 6181 + 7388 = 0. What is the tens digit of q?
0
Suppose 1050*v = 1075*v - 180275. What is the thousands digit of v?
7
Let m = -900 - -358. Let j = m + 950. What is the tens digit of j?
0
Let m(y) = 10574*y**2 - 701*y - 702. What is the hundreds digit of m(-1)?
5
Suppose -65*z + 250328 + 263956 = 37*z. What is the tens digit of z?
4
Suppose -5*x + v + 0*v = -6031, -3622 = -3*x + 4*v. Suppose 0 = c + 723 - x. What is the hundreds digit of c?
4
Suppose -40*j = 147*j + 24*j - 12371352. What is the thousands digit of j?
8
Let u = -17 + 27. Let m be 2*265/u + 4. Let i = -49 + m. What is the units digit of i?
8
Let p be (3 + (-542)/6)/((-4)/6). Suppose -1103 = -4*k - p. Let q = -147 + k. What is the tens digit of q?
9
Let z = -2061 + 4088. What is the units digit of z?
7
Let v(l) = l**3 - 5*l**2 - l + 5. Suppose 0*a = a - 5. Let h be v(a). Suppose -268 = -h*x - 4*x. What is the tens digit of x?
6
What is the ten thousands digit of ((-6)/(-5))/(27/(-60))*(-401727)/68?
1
Let y(w) = w**2 + 41*w + 60. Let u be y(-29). What is the tens digit of (-2 - u/10)*60/12?
3
Let m(j) = 5*j**2 + 14*j + 403. What is the tens digit of m(22)?
3
Let r(z) = 5 + 1 + 1 + 2*z - 5. Let i be r(0). Suppose 0 = -2*a - 2*g + 82, -i*g - 3*g = -a + 59. What is the tens digit of a?
4
Suppose -37 + 15 = 2*b. Let j be -1*57/b + (-2)/11. Suppose -10*d + 385 = -j*d. What is the tens digit of d?
7
Let i = -54 - -101. Let q = i - 45. Suppose -4*w + q*w + 183 = 5*r, -3*r = 9. What is the units digit of w?
9
Suppose 116 - 296 = -5*i. What is the hundreds digit of (i/8)/(4/312)?
3
Suppose -3*z = 11 - 26. Let l(k) = 51*k - 93. What is the hundreds digit of l(z)?
1
Let c be ((-44)/(-8))/11 - (-14)/4. Suppose -a = c*a - a. Suppose a = -2*z - 0*z + 142. What is the units digit of z?
1
Suppose 54*f - 56*f = 576. Let q = -153 - f. What is the hundreds digit of q?
1
Let q(m) = 8*m**2 + 3*m - 2. Let o be q(2). Suppose o*p - 2668 = 32*p. What is the tens digit of p?
6
Let i be 0 - (-5)/((-25)/(-35)). Let b(q) = i - 12*q + 11 + 1. What is the tens digit of b(-11)?
5
Suppose -9*r + 2623 = 2*v, -3*v - 360 = -r - 4338. What is the tens digit of v?
2
What is the tens digit of 12*21795/(-45)*-2?
2
Let f(a) = -a**2 - 8*a + 11. Let q be f(-9). Let p(n) = 3*n**2 + 198*n - 2*n**3 - 1 + 10*n**3 - 92*n - 103*n. What is the units digit of p(q)?
1
Let p(s) = 38*s + 50. Let n(l) = -113*l - 151. Let r(z) = 3*n(z) + 8*p(z). What is the tens digit of r(-4)?
8
What is the hundreds digit of (-4)/54 + 20978384/2619?
0
Let l be (6 - 4)/(2/(-68)). Let j = l + 51. Let n(y) = -8*y - 53. What is the units digit of n(j)?
3
What is the units digit of -1 - -15310 - (7 - -9 - 8)?
1
Let t be 1/(-3 - 60/(-18)). What is the tens digit of (4 - 1064/(-21))*t?
6
Suppose -7*i + 42 = -0*i. Let p(d) = -d + 4. Let y be p(2). Suppose k = -y*b + 181, -i*b = -3*b - 3*k - 294. What is the units digit of b?
3
Let d(y) = y**3 + 9*y**2 + 3*y + 4. Let g(o) = 2*o - 12. Let n be g(-3). Let b = -24 - n. What is the units digit of d(b)?
4
Let c = -154 - -206. Suppose 0 = s - 5, c + 386 = g - s. What is the hundreds digit of g?
4
Suppose 0 = -13*f + 24835 + 5140 + 182848. What is the ten thousands digit of f?
1
Let h(f) = 3*f**2 + 14*f + 1. Let k be h(-5). What is the tens digit of k - 8 - 642/(-2)?
1
Let d be (-9608 - -8)/(-10) + (-1 - 3). Suppose d = 4*o + 4*v, -7*o + 2*o - v = -1175. What is the hundreds digit of o?
2
Let i(y) be the third derivative of -y**6/120 + 3*y**5/20 - 3*y**4/8 - 17*y**3/3 + 248*y**2. What is the hundreds digit of i(-8)?
1
Let d = 44 + -4. What is the tens digit of d/6*1008/60?
1
Suppose 0 = 5*h - 5*c - 30, c - 6 = h + 3*c. Suppose -960 + 192 = -h*r. What is the units digit of r?
4
Let v = -56 + 38. Let h(c) = c**3 + 19*c**2 + 2*c - 23. Let o be h(v). Let d = -135 + o. What is the units digit of d?
0
Let s(a) = 33*a**2 + 8*a + 1. Let u be s(4). Let v = u - 300. What is the hundreds digit of v?
2
Let l = -66 - -35. Suppose -7*f + 5*f = -42. Let s = f - l. What is the tens digit of s?
5
Suppose -2*n + 2519 = 433. Let x = 1824 - n. What is the units digit of x?
1
Suppose 68524 + 87828 = 16*g. What is the thousands digit of g?
9
Let o(k) = -26*k**3 + 2*k**2 - 6*k + 3. Let g be o(4). Let l = 2397 + g. What is the units digit of l?
4
Suppose 5*v + 8 = 3. Let w be (0 - 4) + (v - 2 - -9). Suppose -71 + 363 = w*f. What is the tens digit of f?
4
Let d(z) = z**3 - 9*z**2 + 8*z. Suppose 8 = -6*c + 56. Let o be d(c). Suppose -u + 113 = 4*i, o = -u + 4*i - i + 113. What is the tens digit of u?
1
Let o(a) = -1399*a - 1828. What is the units digit of o(-7)?
5
Suppose -2*c + 4*f + 23670 = 0, 17*c - 35507 = 14*c + 5*f. What is the hundreds digit of c?
8
Let h(v) = -v + 9. Let c be h(-5). Let l(q) = -c - 4*q + q**3 + 10 + q + 2*q**2. What is the units digit of l(3)?
2
Suppose 0 = 15*f - 206 + 86. Suppose 2*v = -g + 11, -5*v + 7*v = f. What is the units digit of g?
3
What is the hundreds digit of (346148/(-55))/(-1) + 24/(-15)?
2
Suppose -10*f - 13*f + 115 = 0. Suppose -5*a - f*y = -955, -570 = -3*a + 3*y - 7*y. What is the units digit of a?
4
Suppose 0 = i - 9 - 5. Suppose -2*l + i = -20. Suppose l - 343 = -2*y. What is the tens di